t is the tens digit of 3335?
3
What is the units digit of 6842?
2
What is the hundreds digit of 25472?
4
What is the thousands digit of 1639?
1
What is the thousands digit of 12477?
2
What is the hundreds digit of 8800?
8
What is the tens digit of 699?
9
What is the thousands digit of 1632?
1
What is the tens digit of 29664?
6
What is the thousands digit of 1671?
1
What is the units digit of 23302?
2
What is the hundreds digit of 5748?
7
What is the thousands digit of 66381?
6
What is the tens digit of 629?
2
What is the hundreds digit of 2381?
3
What is the tens digit of 4865?
6
What is the tens digit of 3189?
8
What is the hundreds digit of 50084?
0
What is the thousands digit of 4911?
4
What is the tens digit of 187?
8
What is the tens digit of 7035?
3
What is the units digit of 21533?
3
What is the units digit of 5949?
9
What is the units digit of 774?
4
What is the tens digit of 77714?
1
What is the thousands digit of 7473?
7
What is the ten thousands digit of 17377?
1
What is the hundreds digit of 6639?
6
What is the units digit of 910?
0
What is the hundreds digit of 1573?
5
What is the ten thousands digit of 57886?
5
What is the tens digit of 1165?
6
What is the thousands digit of 4085?
4
What is the thousands digit of 61998?
1
What is the tens digit of 18018?
1
What is the hundreds digit of 607?
6
What is the hundreds digit of 881?
8
What is the thousands digit of 18341?
8
What is the units digit of 2455?
5
What is the hundreds digit of 1376?
3
What is the thousands digit of 46340?
6
What is the thousands digit of 31323?
1
What is the units digit of 55458?
8
What is the tens digit of 31680?
8
What is the units digit of 507?
7
What is the hundreds digit of 39315?
3
What is the thousands digit of 51883?
1
What is the units digit of 7701?
1
What is the tens digit of 9640?
4
What is the units digit of 1570?
0
What is the units digit of 529?
9
What is the ten thousands digit of 37761?
3
What is the units digit of 17485?
5
What is the tens digit of 27335?
3
What is the units digit of 903?
3
What is the thousands digit of 89943?
9
What is the hundreds digit of 1273?
2
What is the tens digit of 29287?
8
What is the ten thousands digit of 40197?
4
What is the hundreds digit of 1162?
1
What is the units digit of 37546?
6
What is the hundreds digit of 13824?
8
What is the units digit of 1406?
6
What is the thousands digit of 6370?
6
What is the hundreds digit of 657?
6
What is the hundreds digit of 87168?
1
What is the hundreds digit of 34419?
4
What is the units digit of 8179?
9
What is the thousands digit of 12718?
2
What is the units digit of 66784?
4
What is the units digit of 55030?
0
What is the thousands digit of 1703?
1
What is the hundreds digit of 11320?
3
What is the ten thousands digit of 103104?
0
What is the tens digit of 1408?
0
What is the tens digit of 5863?
6
What is the units digit of 56965?
5
What is the thousands digit of 3913?
3
What is the hundreds digit of 2002?
0
What is the units digit of 196?
6
What is the units digit of 1292?
2
What is the thousands digit of 1795?
1
What is the units digit of 635?
5
What is the tens digit of 30989?
8
What is the tens digit of 472?
7
What is the units digit of 19896?
6
What is the units digit of 45537?
7
What is the units digit of 8897?
7
What is the units digit of 601?
1
What is the hundreds digit of 857?
8
What is the units digit of 275?
5
What is the hundreds digit of 2910?
9
What is the hundreds digit of 1612?
6
What is the tens digit of 12215?
1
What is the tens digit of 5279?
7
What is the tens digit of 3107?
0
What is the tens digit of 15741?
4
What is the tens digit of 1180?
8
What is the thousands digit of 8445?
8
What is the units digit of 1524?
4
What is the tens digit of 12123?
2
What is the tens digit of 25163?
6
What is the units digit of 7674?
4
What is the ten thousands digit of 23959?
2
What is the thousands digit of 4560?
4
What is the tens digit of 2051?
5
What is the thousands digit of 3024?
3
What is the units digit of 241?
1
What is the units digit of 7087?
7
What is the hundreds digit of 149141?
1
What is the tens digit of 123139?
3
What is the units digit of 2210?
0
What is the tens digit of 2284?
8
What is the tens digit of 5221?
2
What is the hundreds digit of 3021?
0
What is the units digit of 52266?
6
What is the units digit of 989?
9
What is the thousands digit of 1734?
1
What is the units digit of 1153?
3
What is the hundreds digit of 12687?
6
What is the hundreds digit of 6778?
7
What is the tens digit of 408?
0
What is the units digit of 1222?
2
What is the thousands digit of 1211?
1
What is the tens digit of 1301?
0
What is the hundreds digit of 34106?
1
What is the hundreds digit of 6217?
2
What is the tens digit of 36796?
9
What is the tens digit of 2459?
5
What is the units digit of 3642?
2
What is the hundreds digit of 492?
4
What is the tens digit of 1036?
3
What is the thousands digit of 15158?
5
What is the tens digit of 7169?
6
What is the units digit of 1450?
0
What is the hundreds digit of 13348?
3
What is the tens digit of 653?
5
What is the hundreds digit of 5016?
0
What is the tens digit of 497?
9
What is the thousands digit of 47953?
7
What is the thousands digit of 37602?
7
What is the hundreds digit of 9158?
1
What is the tens digit of 4994?
9
What is the hundreds digit of 2731?
7
What is the hundreds digit of 718?
7
What is the ten thousands digit of 20939?
2
What is the hundreds digit of 551?
5
What is the units digit of 39716?
6
What is the ten thousands digit of 29474?
2
What is the hundreds digit of 7523?
5
What is the units digit of 4040?
0
What is the tens digit of 431?
3
What is the ten thousands digit of 75303?
7
What is the hundreds digit of 366?
3
What is the ten thousands digit of 47540?
4
What is the hundreds digit of 3958?
9
What is the tens digit of 110747?
4
What is the hundreds digit of 1867?
8
What is the thousands digit of 21336?
1
What is the tens digit of 152263?
6
What is the hundreds digit of 58989?
9
What is the hundreds digit of 41058?
0
What is the ten thousands digit of 67301?
6
What is the tens digit of 40088?
8
What is the thousands digit of 101637?
1
What is the tens digit of 887?
8
What is the hundreds digit of 1284?
2
What is the hundreds digit of 1259?
2
What is the ten thousands digit of 23007?
2
What is the tens digit of 1402?
0
What is the tens digit of 1674?
7
What is the hundreds digit of 9148?
1
What is the thousands digit of 61693?
1
What is the hundreds digit of 2415?
4
What is the tens digit of 111769?
6
What is the hundreds digit of 16923?
9
What is the hundreds digit of 11819?
8
What is the ten thousands digit of 17996?
1
What is the thousands digit of 12354?
2
What is the thousands digit of 17566?
7
What is the tens digit of 16660?
6
What is the tens digit of 831?
3
What is the units digit of 335?
5
What is the tens digit of 9317?
1
What is the tens digit of 1948?
4
What is the thousands digit of 23995?
3
What is the hundreds digit of 47497?
4
What is the thousands digit of 3495?
3
What is the units digit of 18696?
6
What is the units digit of 697?
7
What is the units digit of 71337?
7
What is the hundreds digit of 574?
5
What is the hundreds digit of 1747?
7
What is the hundreds digit of 21447?
4
What is the tens digit of 1717?
1
What is the hundreds digit of 3676?
6
What is the tens digit of 34122?
2
What is the hundreds digit of 2666?
6
What is the hundreds digit of 639?
6
What is the ten thousands digit of 66705?
6
What is the hundreds digit of 3328?
3
What is the units digit of 69122?
2
What is the hundred thousands digit of 100036?
1
What is the units digit of 693?
3
What is the hundreds digit of 958?
9
What is the tens digit of 157?
5
What is the units digit of 5426?
6
What is the hundreds digit of 57196?
1
What is the hundreds digit of 40826?
8
What is the hundreds digit of 2613?
6
What is the tens digit of 4365?
6
What is the hundreds digit of 45554?
5
What is the units digit of 6993?
3
What is the hundreds digit of 7518?
5
What is the tens digit of 12198?
9
What is the units digit of 82255?
5
What is the units digit of 222?
2
What is the ten thousands digit of 74687?
7
What is the ten thousands digit of 39293?
3
What is the tens digit of 152193?
9
What is the tens digit of 3105?